uppose 407 = -9*o - j. Let a = -31 - o. Calculate the remainder when 102 is divided by a.
24
Suppose 4*u = -3*j + 291, -49*j + 3*u = -47*j - 211. Calculate the remainder when j is divided by 35.
31
Suppose -15*r = r - 3824. Suppose -9 = -8*d + r. What is the remainder when 238/4 + 1/2 is divided by d?
29
Suppose -2*n = 5*p + 1157 - 1236, 38 = 3*n - 4*p. What is the remainder when 325 is divided by n?
17
Let j(g) = -18*g + 20. Let h be j(-16). Suppose -h = 15*n - 26*n. Calculate the remainder when 307 is divided by n.
27
Suppose -2198 = -147*c - 10*c. What is the remainder when 139 is divided by c?
13
Suppose 30 = -9*z + 14*z. Let g(b) = -b + 7. Let o be g(z). Let h = 33 + o. Calculate the remainder when h is divided by 7.
6
Let q = -1484 - -1499. What is the remainder when (483/14)/(2 + (-10)/8) is divided by q?
1
Let s = -92 - -161. Let t = -40 + s. What is the remainder when 79 is divided by t?
21
Let j = -1474 + 3176. Calculate the remainder when j is divided by 90.
82
Let t = 63 + -33. What is the remainder when (-35 + 13 + 14)/((-3)/96) is divided by t?
16
Let v = -6345 - -11418. Calculate the remainder when v is divided by 108.
105
Let t = 21192 - 19634. What is the remainder when t is divided by 80?
38
Let r(b) = 26*b + 4. Let l be r(-6). Let t = 156 + l. Calculate the remainder when 42 is divided by t.
2
Suppose -4*z + 10544 = -0*c + 4*c, -2*z + 10550 = 4*c. What is the remainder when c is divided by 48?
47
Let d be 1 + -13 - (-49 - -43). What is the remainder when 89 is divided by 45/(-10)*(-4 - 20/d)?
2
Let m = -103 - -86. Let f(b) = -3*b - 51. Let n be f(m). Suppose n*l - 64 = -l. Calculate the remainder when l is divided by 18.
10
Let v = 22620 - 9176. Calculate the remainder when v is divided by 82.
78
Let u(m) = -10*m - 6. What is the remainder when ((-4)/(-8))/((-25)/(-11100)) - -10 is divided by u(-4)?
28
Calculate the remainder when 963 is divided by 2/(21*30/11655).
1
Suppose 0 = -i + 7 - 4. Suppose i = -4*r + 35. Suppose -5*j + 4 = -4*u + 60, -5*u + 4*j = -70. Calculate the remainder when u is divided by r.
6
Suppose 8*g - 3520 = -8*g. Let c = -196 + g. What is the remainder when c is divided by 3?
0
Let k(b) = 3*b**2 - 11*b + 15. Let a be k(5). Let l be (-56)/a + (-4)/10. Let g = 6 - l. Calculate the remainder when 22 is divided by g.
6
Let p(g) = 3*g**2 - 43*g - 9. Let u be p(14). Let j = 29 + u. Calculate the remainder when 17 is divided by j.
5
Let n(k) = 3*k**2 + 43*k + 32. Let g = -268 + 254. Suppose 3*u - u = 174. Calculate the remainder when u is divided by n(g).
15
Let i(o) = -8*o + 25. Let s be i(6). Calculate the remainder when 55 is divided by (8 + s)*-1*1.
10
Suppose 197*n = 9533 + 908. Calculate the remainder when 1004 is divided by n.
50
Suppose 3*j - 546 = 5*k - 10*k, 0 = -5*k - 5*j + 540. Let h(u) = -19*u + 14. Let f be h(-6). Let r = -105 + f. Calculate the remainder when k is divided by r.
19
Suppose 12*y - 16*y = -732. Let g = 234 - y. Calculate the remainder when 203 is divided by g.
50
Let j = 296596 - 295350. Suppose a + 20 = -2*v + 108, 3*a - 209 = 5*v. Calculate the remainder when j is divided by a.
76
Suppose 2*o = -b - 353, -113 = o + 3*b + 51. What is the remainder when 302 is divided by o/(-3) + ((-616)/33)/(-14)?
58
Let h = 13783 - 13683. Calculate the remainder when 1223 is divided by h.
23
Suppose 26*j = 3*g + 30*j - 42, -3*j = 0. What is the remainder when 221 is divided by g?
11
What is the remainder when (-302)/3*(18/16)/((-3)/20) is divided by 7?
6
Suppose 676*t = -3*q + 673*t + 6270, -5*q + t + 10462 = 0. Calculate the remainder when q is divided by 49.
34
Suppose -14*j - 5055 + 14701 = 0. What is the remainder when j is divided by 29?
22
Let q = -410 + 458. Suppose -62*z = -58*z - q. Calculate the remainder when 94 is divided by z.
10
Calculate the remainder when 7780 is divided by ((-52)/156)/(((-8)/258)/4).
40
Let t = 12 + -7. Let a(i) = 2*i**3 + 3*i**2 + 2*i + 1. Let c be a(-1). Suppose 11*h = -c*h + 121. What is the remainder when h is divided by t?
1
Suppose -4*z - 3 = m - 15, 0 = -3*m. Suppose z = t - 4*t. Calculate the remainder when 36 is divided by t/(-7) - 1946/(-98).
16
Suppose -3*x + 0 + 9 = 0. Let c be (16/(-10))/(22/(-110)). Suppose v = -3*p + 10, -v + c = p + 6. Calculate the remainder when p is divided by x.
1
Let d(w) = -9*w. Let a(v) = v - 5. Let b(m) = -a(m) - d(m). Suppose 5*p - 26 = -4*z, 0*p = -4*z + 5*p + 6. Calculate the remainder when 73 is divided by b(z).
36
Suppose 160 = 4*t + 2*w, 3*t - 63*w + 60*w - 111 = 0. Calculate the remainder when 1965 is divided by t.
15
Let d = 62 + -37. Suppose 0 = -3*p + 3*h + 12 + 6, 3*p - 2 = -5*h. Suppose -4*u + 2*i = -26, -i - 2*i = -p*u + 25. What is the remainder when d is divided by u?
4
Suppose 3*r + 3 = 0, 0 = -2*n + 5*n - r - 1906. Calculate the remainder when 131 is divided by -4 - (n/(-20) - 4/16).
19
Let g = -400 - -294. Let s = g + 195. What is the remainder when s is divided by 47?
42
Suppose -2*p + 5*u = -30, 0 = 27*p - 28*p - 5*u. What is the remainder when (-3)/((-3)/50) + -1 is divided by p?
9
Calculate the remainder when (-3275)/(1/(1/(-2)))*8/10 is divided by 69.
68
Let d(i) = -1. Let y(k) = -k**3 - 12*k**2 - 29*k - 12. Let m(s) = -6*d(s) + y(s). Let v = -59 - -50. What is the remainder when 46 is divided by m(v)?
10
Suppose 4*s = 5*i + 205, s - 11*i - 60 = -8*i. Calculate the remainder when 3644 is divided by s.
44
Calculate the remainder when -2 + (-844 - -4)*(-36)/16 is divided by 42.
40
Let r = 3 - -5. Suppose 0 = r*d - 7*d - 172. Suppose 31*a = 147 + 752. Calculate the remainder when d is divided by a.
27
Let q(c) = -5661*c**3 + 5*c**2 + 22*c + 18. Calculate the remainder when q(-1) is divided by 1884.
10
Suppose 4*m + 2 = 5*q, 0 = 5*m + 4*q - 1 - 17. Suppose 152 = -x - m*o, -x + 5*x - 5*o = -647. Let j = -57 - x. Calculate the remainder when j is divided by 34.
33
Let r(u) = -46*u**2 - 4*u + 1. Let a be r(-2). Let c = a - -184. What is the remainder when c is divided by 2?
1
Let s(h) = -279*h + 584. Calculate the remainder when 259 is divided by s(2).
25
Suppose 2*v = 4*q - q + 94, -4*q = -3*v + 141. Suppose v*l = 42*l + 85. Calculate the remainder when l is divided by 5.
2
Let b = -1182 - -1236. Calculate the remainder when 913 is divided by b.
49
Suppose 2*w + 3*g - 51 = 0, -2*g + 56 = 100*w - 98*w. Suppose 4*v + 2*x = 242, -2*v + 53 = -v + 3*x. Calculate the remainder when v is divided by w.
29
Suppose 3400 = 6*d + 4*s, 4*s = d - 297 - 251. Suppose 0 = -2*n + 14*n - d. Calculate the remainder when n is divided by 13.
8
Suppose 0 = -3*h + 4*g + 706, 915 = 3*h - 3*g + 210. Calculate the remainder when h is divided by 14.
10
Suppose -1351 = 28*b - 35*b. Suppose 61 = 6*u - 3*u + 4*y, -3*u = 2*y - 53. What is the remainder when b is divided by u?
13
Let m = -158 - -156. What is the remainder when 110/4 - 1/m is divided by 15?
13
Suppose -625*u + 614*u = -858. Let h(m) = 3*m + 25. Calculate the remainder when u is divided by h(5).
38
Let a(n) = 2*n**3 - 4*n**2 + 3*n - 2. Let k be a(2). Let b(o) = o + 3 - k*o + 3*o - o. What is the remainder when 151 is divided by b(-16)?
18
Let f = 89 + -89. Suppose f = 7*m - 6*m - 1. Suppose 16 = a - m. What is the remainder when 28 is divided by a?
11
Suppose -10*r + 1420 = -5*r. Let x = r - 249. Calculate the remainder when 42 is divided by x.
7
Suppose -74*q = -19*q - 24970. What is the remainder when q is divided by 221?
12
Let c(m) = -11*m**2 + 104*m + 69. Calculate the remainder when 511 is divided by c(10).
7
Let p(s) = -s**2 + 6*s + 8. Let l be p(6). Let z be l/(-5)*10/(-4). What is the remainder when 55 is divided by z/(-3)*126/(-12)?
13
Suppose -30*p - 380 = 8*p. Calculate the remainder when 219 is divided by (15 + p)*11/5.
10
Let l(r) be the second derivative of r**4/12 - r**3/6 - 5*r**2/2 + 10*r. What is the remainder when l(-12) is divided by 40?
31
Suppose 7*q - 2*q + 4 = 2*u, 0 = q + 2*u - 4. Suppose q = -13*g + 461 - 84. Let l(j) = j**3 + 5*j. What is the remainder when l(4) is divided by g?
26
Suppose -19539 = -17*y - 2217 + 204749. Calculate the remainder when y is divided by 13.
11
Suppose -4*y - 3*z + 30 = 0, -y - 97*z = -100*z. What is the remainder when (6 - (-2)/(-1)) + 27 is divided by y?
1
Suppose 1591*q = 1590*q - 4*m + 987, 5*q + 4*m - 4839 =